t are the prime factors of f?
2, 5, 47
Suppose 3*g = -3*m + 591, -11*m + 13*m - 414 = 3*g. List the prime factors of m.
3, 67
Let u(b) = 7*b - 5. Let w(y) = y**3 + 9*y**2 + 8*y + 4. Let t = -7 + -1. Let j be w(t). List the prime factors of u(j).
23
Let d(o) = 121*o - 39. What are the prime factors of d(2)?
7, 29
List the prime factors of (-22550)/(-8) + 595/(-68) + 9.
2819
Suppose 4*r = 0, -5*r - 21 = j + 23. Let l be (2 + 3)/5*-79. Let p = j - l. What are the prime factors of p?
5, 7
Let x = 21 + 39. Let r(t) = -t**3 - 7*t**2 - t + 11. Let h be r(-5). Let v = x + h. List the prime factors of v.
2, 13
Let w = -15 + 51. Let s = 40 - w. Suppose 0 = 5*g - y + 3*y - 167, s = 4*y. What are the prime factors of g?
3, 11
Let p(c) = 2*c**3 + 4*c**2 - 9*c + 65. Let f(m) = -m**3 - 2*m**2 + 4*m - 33. Let o(q) = -5*f(q) - 2*p(q). List the prime factors of o(0).
5, 7
Suppose 4*b + 0 = -8. Let z(n) = 4 - 13*n - 4. List the prime factors of z(b).
2, 13
Suppose -2*f - 5*r = 20, 8*f + 2*r + 8 = 5*f. Suppose -3*z + 7*z = 3*k - 674, f = 2*k - 5*z - 454. List the prime factors of k.
2, 3, 37
Suppose 3*y - 9*y - 24 = 0. Let f be (-4)/80*y*-5. Let l(i) = -7*i. What are the prime factors of l(f)?
7
Let w(l) = 2*l**2 - 7*l + 5. Let g be w(4). Let b be 227/g - 4/18. Suppose 4*c - b = -t, 0 = -c + 4*t - t + 16. What are the prime factors of c?
7
Let j(r) = -r**3 + 6*r**2 - r + 6. Let y be j(6). Suppose y = -2*l + 46 + 220. List the prime factors of l.
7, 19
Let h = -14 - -16. Suppose 91 = -4*o + h*g + 447, 2*o - 162 = -3*g. What are the prime factors of o?
3, 29
Suppose 4*u + 575 = v - 0*u, 3*u - 561 = -v. Suppose -4*j - 139 = -v. List the prime factors of j.
107
Suppose -5*o - 12*s + 8*s + 20457 = 0, -2*s = 4*o - 16368. List the prime factors of o.
4093
Suppose 17*y - 18014 = 13589. What are the prime factors of y?
11, 13
Let v(d) = -d**3 + d. Let r(w) = -3*w**3 - w - 1. Let y(h) = -r(h) - 2*v(h). Let c be y(1). Suppose i = -c + 34. List the prime factors of i.
29
Suppose -3*d + 4 = -5. Suppose d*u - 2*q = -7*q + 517, -5*u + 4*q = -911. What are the prime factors of u?
179
Suppose -28*f + 30673 = -687. List the prime factors of f.
2, 5, 7
Let w = 932 - -213. List the prime factors of w.
5, 229
Let k be 1 + -1 + (-1 - -2). Suppose s = k, -s = -2*g + 2*s + 3. Suppose -g*m = 12 - 33. List the prime factors of m.
7
Suppose 3*s - 543 = -4*a + 85, 20 = 5*s. Suppose a = 4*g - 390. Let o = -74 + g. List the prime factors of o.
2, 31
Let x = -386 - -774. List the prime factors of x.
2, 97
Let g be ((-56)/(-2) + 2)*1. Suppose -4*h = 62 + g. Let q = -16 - h. List the prime factors of q.
7
Let y be 28/(-28)*1*-5*1. Suppose 4*b - 6*b - t = -132, -b + y*t = -66. List the prime factors of b.
2, 3, 11
Let d = -13 + 190. What are the prime factors of d?
3, 59
Let c(q) = -235*q + 13. List the prime factors of c(-2).
3, 7, 23
Let y(p) = -p**2 + 13*p + 21. Let g be y(13). Suppose 3*v - g = 33. What are the prime factors of v?
2, 3
Let c = -6 - -5. Let v be (c/(-1))/(7/126). List the prime factors of 2/(-6) + 60/v.
3
Let y(f) = 0*f**2 - 2*f**3 + 4*f + 2 + 0 - f**2 + 2. What are the prime factors of y(-3)?
37
Let h = 865 + -496. List the prime factors of h.
3, 41
List the prime factors of 3 + 4*(-4 + 5).
7
Let l(o) = 28*o + 16. Let i be l(3). Suppose 5*h - 535 = -i. List the prime factors of h.
3, 29
Suppose -v + 146 = 3*o, 3*o = 3*v - 254 - 208. List the prime factors of v.
2, 19
Let t be ((-1)/3)/(2/(-12)). Suppose 3*n - 11 + t = 0. What are the prime factors of ((-8)/12)/(n/(-36))?
2
Suppose -5*f + 8 - 3 = 0. Let s(j) = -8*j**2 - 2*j + 15*j**2 + 3*j + 46*j**2. List the prime factors of s(f).
2, 3
Let f(z) be the first derivative of -z**3/3 - 6*z**2 - 9*z - 1. Let q be f(-10). List the prime factors of 288/11 + (-2)/q.
2, 13
Let l be (-8)/((-1 - -2) + 1). Let a be -6*((-26)/l - 3). List the prime factors of (-686)/a - 1/(-3).
3, 11
Let n = -704 - -432. Let b = -159 - n. List the prime factors of b.
113
Suppose 2*p - 2*u = 3*p - 22, 4*p + 2*u - 88 = 0. Let k = p - 24. Let l(i) = -8*i**3 - 3*i**2 - 2*i - 1. What are the prime factors of l(k)?
5, 11
Let w = 3846 + -369. What are the prime factors of w?
3, 19, 61
Let l(o) = -150*o - 942. What are the prime factors of l(-23)?
2, 3, 11, 19
Suppose 40*p - 3573 - 93147 = 0. List the prime factors of p.
2, 3, 13, 31
Let s(p) = p**3 + 4*p**2 + 10. Let g be s(-4). Let w = 148 + -86. Let m = w + g. What are the prime factors of m?
2, 3
Suppose 4*l = 2*l + 24. Let s be (43*3)/(l/8). Suppose -5*r + 361 - s = 0. List the prime factors of r.
5, 11
Let t(j) = -3*j + 5*j + 56*j**2 - 2 - 5*j. What are the prime factors of t(-1)?
3, 19
Let t(l) = -194*l - 215. List the prime factors of t(-8).
7, 191
Let r(x) = 463*x + 462. List the prime factors of r(5).
2777
Let v = -768 + 2197. What are the prime factors of v?
1429
Suppose 56 = -3*x + 305. Let f = x + -54. List the prime factors of f.
29
Let i(y) = y**2 - 5*y + 10. Let x be i(2). Suppose -2*n = 5*f - 530, -n = 3*f - x*n - 339. What are the prime factors of f?
2, 3
List the prime factors of 4/(-3)*4824/(-96).
67
Let l(c) = c**3 - 15*c**2 + 69*c - 7. List the prime factors of l(16).
3, 11, 41
Let l be -2 + 9 + 1 - 1. Let r(m) = -m**2 - 2*m + 0*m + l*m**2 + 0*m**2. What are the prime factors of r(-2)?
2, 7
Suppose -2*u - 5*q + 3111 = 0, 6*q - 2*q = -4*u + 6240. What are the prime factors of u?
3, 521
What are the prime factors of -1 + (-44163)/(-11) + (-4)/(-22)?
2, 3, 223
Suppose 0 = -3*z + x - 83 + 543, 0 = -z + x + 150. Suppose z = 5*k + 10. What are the prime factors of k?
29
Suppose 640 = 2*g + 8*g. Suppose g = -2*l + 320. What are the prime factors of l?
2
Let o(t) = -t**3 - 7*t**2 + 8*t - 5. Let u be o(-8). List the prime factors of u/(-2)*(-462)/(-35).
3, 11
Let t(g) = 21*g**3 + 3*g**2 - 17*g + 1. List the prime factors of t(4).
5, 53
Let w(m) be the second derivative of 4*m**2 - 7*m + 0 + 5/3*m**3. List the prime factors of w(4).
2, 3
Let b = 3304 - 2206. What are the prime factors of b?
2, 3, 61
Suppose -5*s = -u + 1571, 0*s - 2*s - 2*u - 638 = 0. Let o = s - -590. What are the prime factors of o?
5, 11
Let l(u) = u**3 + 11*u**2 + 12*u + 10. Let i = 43 + -51. What are the prime factors of l(i)?
2, 53
Let c = -71 - -373. Let x = c - 200. List the prime factors of x.
2, 3, 17
Suppose 4 = c - 2*c, -3*k = 5*c - 484. List the prime factors of k.
2, 3, 7
List the prime factors of (-272 - -2)*(-5)/15*4.
2, 3, 5
Let c(n) = 2*n**2 + 9*n + 14. Suppose 27 = -6*v - 15. List the prime factors of c(v).
7
Suppose -6 = 3*z, -3*w - z - 50 = 96. List the prime factors of (-1 + w)*(-14)/14.
7
Let o(b) = -594*b + 14. Let s be o(9). List the prime factors of s/(-18) + (-30)/135.
2, 37
Let s = 21 + -19. Suppose 3*c + 6 = s*y, -y + 3 = 2*c + 2*c. Suppose y*a = -a + 156. List the prime factors of a.
3, 13
Let h(y) = y**3 + 12*y**2 + 5. Suppose -146 + 47 = -3*j. Let q be j/22*(-8)/1. List the prime factors of h(q).
5
Let i = 2 + 4. Suppose a + i = 8. List the prime factors of (a/(-6))/((-12)/252).
7
Let w = -159 + 651. Let c be w/156 - (-2)/(-13). Suppose 5 + 10 = c*r. List the prime factors of r.
5
Suppose 15820 = 44*q - 112572. What are the prime factors of q?
2, 1459
Let u(c) = 10*c - 19. Let k be 4 + 11 + -4 - 4. List the prime factors of u(k).
3, 17
Let r = 4493 - 1390. List the prime factors of r.
29, 107
Let m(c) = 3*c**2 - 3*c - 8. Let w be m(6). Let o = -23 + w. What are the prime factors of o?
59
Let y be (-3 - -5)/(-2)*-8. Suppose 7*j = y*j. Let c = 5 - j. What are the prime factors of c?
5
Suppose 0 = g + 4*d - 101, 4*g - g = -3*d + 285. Let z = g + -30. List the prime factors of z.
3, 7
Let i be (1 - 4)*(-2)/2. Let w(h) = -4*h - 4*h + 5*h + 4*h**2 - 1. List the prime factors of w(i).
2, 13
Suppose -2*j = -3*j + 22. Let o(q) = -q**3 + 4*q**2 - 4*q + 3. Let a be o(4). Let i = a + j. What are the prime factors of i?
3
Suppose -7*z + 3*z = j + 57, -31 = 2*z + 3*j. Let b = z + 17. Suppose 0 = b*v - 4*v + 35. List the prime factors of v.
5, 7
Let g(t) = -t + 11. Let b be g(-9). Suppose -90 = -b*o + 15*o. List the prime factors of o.
2, 3
Let z(n) = -7*n**2 - 12*n - 6. Let g(p) = -6*p**2 - 11*p - 5. Let j(w) = -5*g(w) + 4*z(w). Let o be j(-6). Let l = 39 - o. What are the prime factors of l?
2
Suppose -5*u - 1 =